.
10
Let s(b) = b**3 - 11*b**2 - 11. Let h(v) = -v**2. Let j be h(0). Suppose -3*w + 8*w - 15 = j. Suppose -33 = -w*y - 0. Determine s(y).
-11
Let d(u) = -u**2 - 193*u - 763. Let h be d(-4). Let i(y) = -3*y + 23. Let b(o) = -o + 1. Let g(j) = -4*b(j) + i(j). Determine g(h).
12
Let r(l) = l**3 + 8*l**2 + 180*l + 1017. Let w be r(-6). Let y(c) = -3*c + 34. Determine y(w).
7
Let v = 67 + -82. Let i(d) = -64 - 145 - 2*d + 179. Give i(v).
0
Let g(n) be the second derivative of n**7/420 + n**5/120 - 89*n**4/12 + 53*n. Let b(w) be the third derivative of g(w). Give b(2).
25
Let a(t) = -t**2 - 7*t - 1. Let w be 135/3*54/243. Suppose -10 = -k - 2*p, 5*k + 3*p = -p + 26. Suppose -3*f = -k*i + 16, 0 = 5*i - 5 + w. Determine a(f).
5
Let f(a) = 7*a. Let h(j) = -13*j. Let d(g) = 5*f(g) + 3*h(g). Suppose -127 = -37*c - 16. What is d(c)?
-12
Let q(t) = -727*t + 2*t**2 + 2186*t - 734*t - 724*t - 81. What is q(0)?
-81
Let m(y) be the second derivative of -y**3/2 + 6*y**2 + 176*y - 12. Calculate m(24).
-60
Let n be (-2)/(6 - 8)*(3 + -3). Let p(t) = -t**2 - 10 - 10*t + 12*t + 1 + t**3 - t. Give p(n).
-9
Let s be -7 + (-40 + 4)/(-4). Let y(h) = 3*h**s - 5*h**2 - 126 + 64 + 7*h + 70. What is y(6)?
-22
Let a(p) be the first derivative of -11*p**4/2 + 2*p**3/3 - p + 2. Let f be 4/4*(-2 - -17). Suppose -2*k + 12 = 5*x, -5*k + 10*k - f = -5*x. What is a(k)?
-21
Let j(h) = 4*h + 5. Let u be j(-5). Let z(o) be the third derivative of o**4/24 + 17*o**3/6 + o**2 - 12105*o. What is z(u)?
2
Let s(o) = -8 + 116*o + 2 - 107*o + 0. Let u(y) = 7*y - 6. Let v(r) = 3*s(r) - 4*u(r). What is v(8)?
-2
Suppose 0 = u + 3*u - 8. Let s(l) = 0 + 1 - 2247398*l + 2247408*l. What is s(u)?
21
Let b(s) be the third derivative of -11*s**4/24 + 10*s**2 - 330. Calculate b(0).
0
Let m(s) = s**2 + 14*s + 11. Let r be m(-12). Let f(g) = 28 - 60*g**2 + 15*g - 52*g**2 + 2*g**2 + 111*g**2. What is f(r)?
2
Let l be 2/(165/(-57) - 1*-3). Suppose 0 = u - l*u + 90. Let a(g) = -4*g + 2. What is a(u)?
-18
Let s(k) be the first derivative of -k**4/4 + 3*k**3 - 3*k**2/2 - 3*k + 3178. Give s(4).
65
Let d(a) = 3*a**2. Let l(i) = 17*i**2 - 6. Let c(h) = -5*d(h) + l(h). Give c(3).
12
Let k(j) = -j**2 - 7*j + 10. Let z(p) = p**3 - p**2 - 3*p + 52. Let r be z(0). Suppose -80 = 2*t - 4*d, -2*t + t - d - r = 0. Let l = -57 - t. Determine k(l).
-8
Suppose -3*b = 15, -b = 3*y + y + 29. Let p(a) = 7*a - 2 + 1 - 3 - 2 + 5 - 8*a. Give p(y).
5
Let q = 8 + -5. Suppose 0 = o - 7*j + 5*j - 7, 18 = 4*o - 3*j. Let y(g) = -155*g + q - g**o + 6*g**2 + 149*g - 3. Calculate y(4).
8
Let v be (19 + -16 - (1 - -2))/2. Let k(l) = -l**2 + 7*l - 2. Let s be k(6). Let m(c) = -s*c**3 + 0*c**2 + c**3 - c**2 + c - 4 + 2*c**3. Calculate m(v).
-4
Let i(p) = 4*p**3 - 4*p**2 + 5*p + 4. Let t(l) = 3*l**3 - 4*l**2 + 4*l + 4. Let x(m) = -2*i(m) + 3*t(m). Let j = 583 + -551. Suppose 26*c = 18*c + j. Give x(c).
12
Let h = 230 - 135. Suppose 70 = -5*f + h. Let l(k) = k - 4. Determine l(f).
1
Let h(c) = 4*c**2 + 7*c - 1. Let x be h(-4). Let u = x - 34. Let r(d) = 16*d**2 + 4*d - 1. Let j(y) = -y. Let b(o) = 4*j(o) + r(o). What is b(u)?
15
Let c(l) be the third derivative of -l**6/120 + l**5/4 - 7*l**4/12 - 11*l**3/6 - 696*l**2. Calculate c(14).
-11
Suppose 5*t - 2 = -3*c - 89, -4*t - 2*c - 70 = 0. Let i be 12/t*(-129)/2. Suppose 5*n + 18 = i. Let x(z) = 2*z - 5. Determine x(n).
5
Let r = 400 + -393. Let d(n) = -35*n**2 + n + 31*n**2 - n**3 + r*n + 4. Determine d(-5).
-11
Let m(l) = 27*l + 4. Let k be m(-2). Let q be ((-18)/7 - -3) + k/(-14). Suppose 42 = -q*u + 38. Let f(a) = -2*a**3 - 2*a**2 - a. What is f(u)?
1
Suppose 8*k = 545 - 593. Let i(w) = w**2 + 2*w + 1. Let z(o) = -7*o**2 - 17*o - 8. Let r(q) = k*i(q) - z(q). Let c = -13 - -9. Give r(c).
-2
Suppose 4*m = -2*p + 88, -4*m + 3*p + 68 + 0 = 0. Suppose -m = 2*r - 4. Let z(g) = -4*g + 21. Let j(a) = 11*a - 62. Let f(x) = r*z(x) - 3*j(x). Determine f(0).
18
Let n(c) = c**3 - 27*c**2 - c + 22. Let j(i) = 11*i**2 + 106*i + 195. Let a be j(-2). Give n(a).
-5
Let h(i) = 735*i - 2924. Let b be h(4). Let p(r) = -r**2 + 5*r + 186. What is p(b)?
10
Let l(y) = -3*y - 1754 + 1714 - 4*y. Determine l(-9).
23
Let v(y) be the second derivative of 1/12*y**4 - 47*y + 1/3*y**3 - 1 - 3/2*y**2. What is v(-3)?
0
Let h(r) = -r**3 + r**2 + r + 2. Let c be h(0). Let v(u) be the second derivative of u**3/2 + 3*u**2/2 + 167*u. Give v(c).
9
Let c(y) = 3*y - 10. Suppose -5*k + 14 = 4*t + 107, 123 = -4*t + 5*k. Let q be (-542)/6 + (-9)/t. Let o be (-4)/22 + (-7)/(77/q). What is c(o)?
14
Let c(x) = 13*x + 119. Let g be c(-9). Let w(q) = 2*q**2 + 8*q - q**g - 2*q**2 - q**2 + 6. Determine w(6).
-18
Suppose -3*l - 5*m = -20, -4*l - 160*m = -163*m + 12. Let b(i) be the first derivative of -i**2 + 6*i + 6. What is b(l)?
6
Suppose -5*z + 15 = -5*a, 3*a + z = 21 - 6. Let p(l) be the third derivative of -1/12*l**4 + 0 + 0*l - 1/60*l**5 + 15*l**2 - 2/3*l**a. Calculate p(-3).
-7
Let w(q) = 25*q**2 - 16*q - 8. Let t(b) = 71*b**2 - 47*b - 22. Let i(c) = -6*t(c) + 17*w(c). Let o = 13 - 8. What is i(o)?
21
Let n(m) = 10456*m - 5 + 0*m**2 - 10451*m - m**2. Let b = 17 - 14. Let u = b + 1. Determine n(u).
-1
Let c = -389 + 419. Suppose -c = -12*w + 2*w. Let h(g) = 10*g + 4. Give h(w).
34
Let v(q) be the first derivative of q - 9/2*q**2 + 22. Calculate v(1).
-8
Suppose 4*x = -2*v + 7*x - 85, -5*v - 170 = x. Let a(s) = 4*s + 144. Calculate a(v).
4
Let g be 26/(-4)*(696/104 + -7). Let j(n) = -n**2 - 2*n. Give j(g).
-8
Let h(r) = -11*r - 318. Suppose 5*t + 117*v + 121 = 121*v, 2*t = -6*v - 94. What is h(t)?
1
Let k(x) = -23*x**3 + 5*x**2 - 22*x - 4. Let w(d) = -112*d**3 + 27*d**2 - 120*d - 21. Let h(j) = 11*k(j) - 2*w(j). Determine h(-1).
30
Suppose 0 = -4*x + 16, -2*a + a - 3*x = -14. Let i(y) = 2457*y**3 - 2 - y + 0*y**a + 3*y**2 - 2455*y**3. What is i(-2)?
-4
Let r(x) be the first derivative of -1/180*x**6 + 21 - 3*x**3 + 0*x**2 + 1/24*x**4 - 1/60*x**5 + 0*x. Let m(i) be the third derivative of r(i). Calculate m(-2).
-3
Let c(n) be the second derivative of -n**3/6 - 5*n**2/2 + 160*n. Give c(-8).
3
Let p(o) be the first derivative of -o**4/4 + 2*o**3/3 - o**2/2 + 3*o + 522. What is p(2)?
1
Let q(o) = -3*o**3 + 4*o**2 - 1. Let a = -86 + 89. Let r(n) = 3*n**2 - 4*n - 12. Let v be r(a). Calculate q(v).
-46
Let m be 1/(-1) - 1 - (-11 + 6). Suppose 0 = 3*s - 5*v - 9, -s + 12 = m*s - 5*v. Suppose -9 + 0 = s*b. Let f(r) = -r**3 - 2*r**2 + r - 2. Determine f(b).
4
Suppose -4*f + 25*x = 21*x + 52, 2*x + 64 = -13*f. Let n(z) be the second derivative of -2*z - 7/6*z**3 - 1/20*z**5 + 0 - 9/2*z**2 - 7/12*z**4. Calculate n(f).
-3
Let c(h) = h**3 - 15*h**2 + 56*h - 8. Let x be c(7). Let b(k) = 9*k - 24. Calculate b(x).
-96
Let d(u) = -u**2 - 3*u - 3. Let w = -20 + 13. Suppose 0 = -4*h + 32 + 40. Let j be w/14 - h/4. Calculate d(j).
-13
Let y(k) be the third derivative of k**4/12 + 5*k**3/6 + 2*k**2. Suppose -8*q = -30*q + 66. Suppose -529 + 544 = -q*u. Determine y(u).
-5
Let q(d) = -13*d**3 + 19*d**2 + 12*d - 3. Let a(g) = -15*g**3 + 20*g**2 + 12*g - 6. Let c(i) = -6*a(i) + 7*q(i). Give c(14).
-13
Let f(b) = -15*b + 209 - 22*b - 193 - 17*b + 52*b. Calculate f(-4).
24
Let c(j) = 2*j**3 - 4*j**2 - 126*j + 3. Let m be c(9). Suppose 0*s + 30 = -5*s. Let v(g) = 3*g - 6. Let p(u) = u - 1. Let h(q) = s*p(q) + v(q). Calculate h(m).
-9
Suppose 0 = 3*i + 2*i - 10. Let f be (-2 - -7 - i)*1. Let h(v) be the first derivative of -v**3/3 + 2*v**2 - v + 16. Determine h(f).
2
Let c(r) = -2*r**2 - 7*r + 9. Suppose 683 - 102 = -o. Let t = -588 - o. What is c(t)?
-40
Let b = 254 + -252. Let s(a) = 17*a + 14*a - 30*a + 6 - a**b + 0. What is s(5)?
-14
Suppose 3*g - 6 = -12. Let h(z) = 8*z - 4. Let k(q) = q - 1. Let r(p) = 3*h(p) - 15*k(p). Give r(g).
-15
Let m be 5*(-4*(-5)/(-10) + 3). Suppose -24 = -h - m*g - 6, -3*g = 3*h - 30. Let a(v) = v**3 - 7*v**2 - 10*v - 8. Give a(h).
-24
Let b(q) = 11*q**2 + 2*q + 1. Let j(i) = -51*i + 1631. Let c be j(32). What is b(c)?
10
Let z(m) = -354 + 761 - 318 - 313 + 30*m - m**2. Give z(13).
-3
Let s(q) = -q - 15. Let x be (29 - 20)*(2/6 - 0). Suppose x*t - 42 = 17*t. Let i be 19/t - -2*4/(-12). Give s(i).
-8
Let p(s) = 13*s**2 - 4. Let y(u) be the third derivative of 0*u**4 + 0*u - 23*u**2 - 1/6*u**3 + 0 + 1/20*u**5. Let a(h) = 2*p(h) - 9*y(